= -g**2 + 6*g + 2. Let k = -83 + 64. Suppose 3*p + 3*p + 132 = 0. Let u = k - p. What is q(u)?
11
Let o(i) = 19*i**2 - 38*i + 46. Let k(t) = -3*t**2 + 3*t - 3. Let b(m) = -6*k(m) - o(m). Determine b(19).
-9
Let f(d) = d**2 + 13 + 280*d + 280*d - 567*d. Determine f(11).
57
Let h = 1533 - 1530. Let z(b) be the first derivative of -1/4*b**4 + 10 - 3*b + b**h + 7/2*b**2. Calculate z(5).
-18
Let q(l) = -171*l**2 + 59*l + 36. Let c(u) = -31*u**2 + 12*u + 7. Let j(h) = -11*c(h) + 2*q(h). What is j(-13)?
8
Let g(d) = 8*d**2 + 15*d - 10. Let p(k) = -5*k**2 - 10*k + 5. Let w(a) = -3*g(a) - 5*p(a). Suppose -4*o = 8, 12 = -b - 5*o - 3. Give w(b).
5
Let x be (9 + 3)*(-7 - 9/3). Let r = x - -112. Let z(l) = -l**2 - 9*l - 4. Calculate z(r).
4
Let l(n) be the third derivative of 1/30*n**5 + 5/24*n**4 - 1/120*n**6 - 1/3*n**3 + 0*n - n**2 + 0. Let p = -1470 - -1474. Calculate l(p).
-14
Let o(m) be the second derivative of -m**5/20 - m**4/2 + m**3 + 3*m**2/2 + 2046*m. Let x be -1*-4*(-2)/(-4). Let n be (-1)/(x*(-2)/(-28)). Give o(n).
10
Let c(m) = 2*m**2 + 85*m - 41. Let n be 1/(13*3/(-1677)). Give c(n).
2
Let a(f) = -f**2 - 14*f + 1. Let y(v) = v**2 - 13. Let i be y(5). Suppose h + 2 + i = 0. Calculate a(h).
1
Let h(w) = -33*w - 24. Let j(k) = 6*k + 1. Let c(q) = h(q) + 6*j(q). Determine c(-3).
-27
Let g(b) = 25*b + 16. Let f(w) = -144*w - 96. Let h(z) = -4*f(z) - 23*g(z). Determine h(-2).
14
Let v(d) = -4*d + 61 + 28 - 43. What is v(19)?
-30
Let a(p) = p - 1. Let b(k) = -5*k**3 + 3*k**2 - k + 2. Let q be b(2). Let y = q + 34. Suppose 0 = y*i - i + 40. Give a(i).
-9
Let i(j) = -31 - j**3 + 1034*j - 33*j**2 + 11 - 1031*j + 27*j**2. Calculate i(-7).
8
Let u(d) be the third derivative of -1/8*d**4 - 1 - 20*d**2 + 0*d - 1/6*d**3. Calculate u(-1).
2
Let m = -10 + 17. Suppose 3*v - a = 2, 5*v - 3*a + 2 = 12. Let i(l) = -1. Let n(o) = -o - 2. Let z(q) = v*n(q) + i(q). What is z(m)?
8
Let p(x) be the second derivative of -x**3/6 + 11*x**2/2 + 15*x + 42. What is p(9)?
2
Let g(y) be the second derivative of 3*y + 1/12*y**4 + 3/2*y**2 - 25 - 2/3*y**3. Give g(4).
3
Suppose 16*a - 138*a + 28*a = -2444. Let w(t) = t**2 - 23*t - 48. Give w(a).
30
Let b(v) = v**3 - 9*v**2 + 17*v + 7. Let p be (60*(-4)/(-10))/3. Calculate b(p).
79
Let v(u) = 4*u. Let z(w) be the third derivative of -w**4/8 - 7*w**3/3 + 28*w**2. Let a be z(-5). What is v(a)?
4
Let j(g) = g**2 - 3*g - 1. Let f(l) = l**2 - 8*l + 102. Let s(w) = f(w) - 4*j(w). Let b(h) be the first derivative of s(h). Calculate b(2).
-8
Suppose 0 = -2*d - 17 + 71. Suppose 2 = -2*h + 3*b, -3*h - 3*b + d = -0*h. Suppose 5*n - 5*c = 0, 0 = 5*n - 3*c + h - 1. Let v(r) = r**2 - 1. Give v(n).
3
Let s(v) be the second derivative of -5/6*v**3 - 1/3*v**4 + 2 + 1/20*v**5 - 1/2*v**2 - 208*v. Determine s(5).
-1
Let u(r) be the second derivative of -3*r**3/2 + 11*r**2/2 + 13*r - 30. Give u(-4).
47
Let h(o) be the third derivative of o**7/840 - o**6/45 - o**5/20 - 3*o**4/8 + 29*o**3/2 - 17*o**2 - o. Let n(g) be the first derivative of h(g). What is n(9)?
18
Let v(c) = -2*c - c**2 + 0 + c**3 + 5*c**2 - 3. Suppose -4*q + 0 - 12 = 2*y, -3*q - 2*y - 10 = 0. Give v(q).
9
Let g(m) = 214807 + m**3 - 214799 - 10*m - 10*m**2 + 7*m. What is g(10)?
-22
Let t(i) = -i - 4. Suppose -5*k + 5*p + 318 = -k, 5*p + 400 = 5*k. Let h = 552 + -471. Suppose -h*f - 5 = -k*f. Give t(f).
-9
Let j(m) = m**2 - m - 1. Let c(y) = -2*y**2 - y**2 + 2 - 13 + y**2 - 31*y. Let q be c(-15). Determine j(q).
11
Let a(g) be the second derivative of -g**5/10 - 7*g**4/4 - 14*g**3/3 - 13*g**2/2 + 2*g + 212. What is a(-9)?
-4
Let v(q) = -q**3 + q**2 + q - 8. Let w(x) = 3*x**3 - 3*x**2 - 2*x + 15. Let i(k) = 5*v(k) + 2*w(k). Let m be 2*(-1)/(-6)*((44 - 24) + -20). Give i(m).
-10
Let z(g) = -2*g + 2. Let j(u) = -u**2 + 12*u - 146. Let s(h) = j(h) + 6*z(h). Let t(i) be the first derivative of s(i). Calculate t(-1).
2
Let g(i) = i + 2. Let o(f) = 4*f + 21. Let q(r) = -5*r - 32. Let x(z) = -7*o(z) - 5*q(z). Let k be x(5). Determine g(k).
0
Let t(p) = 3*p**2 + 7*p + 7. Let r(s) = 4*s**2 + 8*s + 7. Let k(q) = 4*r(q) - 5*t(q). Let b be k(6). Let u(j) = -j + 6. What is u(b)?
-5
Let r(f) be the first derivative of 5*f**3/3 - 3*f**2 - 7*f - 1246. Give r(-2).
25
Let b(m) = 14*m - 92. Let c be b(6). Let w(r) = 4 + 4*r**2 + 1 - 3*r**2 + 8*r. Calculate w(c).
5
Let p(y) = -y**2 + 1. Let v(b) = -b**3 - 3*b**2 - 3*b. Let o be v(-2). Suppose 2*h + 5 = -d, 5*h = 3*h - 2*d - o. Let f be h + 1 + (6 - 4). Calculate p(f).
0
Let m = -219 + 236. Suppose m*j - 12 = 13*j. Let l(h) = -h**2 + 3*h - 1. Calculate l(j).
-1
Suppose 3*z + 5*a + 2 = 0, 7*z - 2*z = 2*a + 38. Let r(n) = -4 - n + z*n + n. Let p be ((-95)/(-10) + -10)/((-2)/20). Give r(p).
26
Let d(u) be the first derivative of -14*u**2 + 93*u + 4050. Calculate d(4).
-19
Let u(a) be the second derivative of a**4/12 - 19*a**3/6 + 27*a**2 - 119*a + 7. Give u(22).
120
Let d(l) = l**3 - 9*l**2 - 1. Let m(c) = c**3 + 17*c**2 + 14*c - 23. Let h be ((-32)/(-10))/(3/(-15)). Let j be m(h). Determine d(j).
-1
Let d(z) = -z**3 - 8*z**2 - 9*z - 2. Let f be (-14)/98 - 408/(-14). Let v(i) = i - 38. Let y be v(f). Let g = -16 - y. What is d(g)?
12
Let t(o) = 4*o - o - 4*o. Let x be 16*(0 + 1/4). Suppose -12 = -x*u - 2*q, -u - 4*q + 21 = q. Calculate t(u).
-1
Suppose -272934*q = -272910*q. Let s(o) be the third derivative of 0 + 1/6*o**3 + q*o + 7/24*o**4 + 46*o**2 + 1/120*o**6 + 7/60*o**5. What is s(-6)?
-5
Let u(x) = -4*x - 94. Let h(o) = -2*o - 47. Let n(g) = -7*h(g) + 4*u(g). Let v(w) = -w**2 + 2327*w + 18660. Let p be v(-8). Give n(p).
-7
Let n(s) = 15*s + 5*s**2 + 10 + 4*s + 3 + 13 - 20. Determine n(-3).
-6
Suppose 152*r = 148*r. Suppose 16*x - 20*x - 12 = r. Let v(i) = i**2 + 1. Determine v(x).
10
Let d(v) = v**3 + 9*v**2 - 7*v - 62. Let z be d(-9). Let f(b) = -4*b**3 + b**2 + 2*b - 2. Give f(z).
-3
Let x(b) = -10*b + 2*b**3 + 2*b**2 + 16 - 6*b**2 - 10*b**2 - 15*b**2 - 39*b. What is x(16)?
0
Let z(f) be the second derivative of -f**4/12 + 4*f**3/3 - 6*f**2 + 14704*f. Suppose 3*v - 5*k - 57 = 0, 2*v + 82 = 7*v - 4*k. Let x = v - 5. Give z(x).
-21
Suppose -13*d - 8*d + 2598 = 3039. Let i(r) = r**2 + 22*r - 5. Calculate i(d).
-26
Let r be (21/(-9) + 2)*135/(-9). Suppose -r*s - 20 = 0, -2*s - 1 = -m + 5. Let b(w) = w**2 + 2*w + 3. Determine b(m).
3
Let d(u) = u**3 - 7*u**2 + 17*u - 17. Let o be d(4). Let l(g) = 3*g - 16. Determine l(o).
-7
Let n(b) be the third derivative of -b**6/120 + 2*b**5/15 + b**4/24 - b**3/3 + b**2 - b + 833. Calculate n(8).
6
Let x(z) be the first derivative of -z**5/120 + z**4/8 + 22*z**3/3 - 22. Let g(d) be the third derivative of x(d). Calculate g(7).
-4
Let d(b) = -b - 8. Let i be d(-7). Let z = 128 - 104. Let q(w) = -z*w + 7*w + w. Determine q(i).
16
Suppose -8*w + 141 - 77 = 0. Let x(l) = l**3 - 7*l**2 - 2*l - 32. Give x(w).
16
Let z(a) be the first derivative of a**4/4 - 2*a**3 - a**2/2 + 16*a - 3809. Calculate z(4).
-20
Let b(r) be the first derivative of -r**4/2 + r**2/2 + 82. Let o(k) = 17*k**3 + k**2 - 7*k - 1. Let n(a) = -18*b(a) - 2*o(a). What is n(3)?
26
Let k(w) = w**3 - w**2 + w + 1. Suppose 2 + 2 = 4*p - c, p - 22 = -5*c. Suppose 3*i = -2*t - 3, p*i - t - 1 = 3*i. What is k(i)?
-2
Let l(p) = 7*p - 13. Suppose 1367 = -13*i + 1458. Calculate l(i).
36
Let t(i) be the first derivative of i**4/4 + 7*i**3/3 - 2*i**2 - 17*i + 6046. Give t(-7).
11
Let p(s) = s**3 - 7*s**2 - 8*s + 17. Let i be 18 - 20/(-22)*-11. Calculate p(i).
17
Let f(l) = 13*l**2 - 10*l + 9. Let p be (-80)/(-28 - -18) + (-7)/1. Determine f(p).
12
Let n(w) = -27*w**2 - 24*w + 21. Let c(p) = 19*p**2 + 17*p - 14. Let v(g) = -10*c(g) - 7*n(g). Calculate v(-7).
-42
Suppose 3*q + 0*q = 9. Suppose 0 = q*c - c - 4*r + 4, 4*c = -r + 1. Let y(m) = m - 3. Let f(w) = -w + 1. Let a(u) = -2*f(u) - y(u). Give a(c).
1
Let r(g) = 3*g**3 + 2*g**2 + 9*g + 6. Let a(c) = 3*c**2 - 105*c - 1. Let s be a(35). Calculate r(s).
-4
Suppose 20*f - 27*f - 17*f = 0. Let o(j) = -2*j**3 - 2*j**2 - 3*j + 13. Give o(f).
13
Suppose -9*y + 140 = y. Let g(r) = 15*r + 10 + y*r + 15*r - 45*r. Suppose 4*u = 5*u. Determine g(u).
10
Let i(g) = -g**2 - 7*g - 3. Suppose 9*o = -18*o. Let n(r) = -2*r - 6. Let b be n(-4). Let k be (-4)/1 + (-2 - o)/b. Give i(k).
7
Let q(s) = -s**2 + 6*s + 9. Let l(b) = -b**3 - b*